86453
What are the prime factors of 914418?
2, 3, 37, 1373
What are the prime factors of 27049171?
27049171
What are the prime factors of 540916?
2, 271, 499
What are the prime factors of 21532316?
2, 13, 414083
What are the prime factors of 540290?
2, 5, 97, 557
What are the prime factors of 739342?
2, 43, 8597
List the prime factors of 2291867.
2291867
List the prime factors of 167791.
13, 12907
What are the prime factors of 271178?
2, 135589
What are the prime factors of 3639023?
349, 10427
List the prime factors of 29139374.
2, 11, 29, 45673
List the prime factors of 338845.
5, 13, 401
List the prime factors of 5707817.
5707817
List the prime factors of 7647407.
73, 104759
List the prime factors of 32913.
3, 23, 53
What are the prime factors of 1026946?
2, 513473
List the prime factors of 3148038.
2, 3, 97, 601
List the prime factors of 3830046.
2, 3, 11, 58031
What are the prime factors of 5254881?
3, 1751627
List the prime factors of 1783172.
2, 41, 83, 131
What are the prime factors of 373261?
7, 53323
List the prime factors of 663529.
663529
List the prime factors of 1569588.
2, 3, 139, 941
List the prime factors of 1334642.
2, 667321
What are the prime factors of 1075810?
2, 5, 107581
What are the prime factors of 715260?
2, 3, 5, 7, 13, 131
What are the prime factors of 57817?
17, 19, 179
What are the prime factors of 7627213?
11, 67, 79, 131
What are the prime factors of 109645?
5, 21929
What are the prime factors of 9776442?
2, 3, 13, 125339
List the prime factors of 644064.
2, 3, 6709
What are the prime factors of 445039?
7, 63577
List the prime factors of 1001404.
2, 79, 3169
List the prime factors of 520740.
2, 3, 5, 11, 263
List the prime factors of 988899.
3, 37, 59, 151
What are the prime factors of 5291352?
2, 3, 11, 17, 131
List the prime factors of 5432190.
2, 3, 5, 43, 4211
List the prime factors of 3233036.
2, 29, 47, 593
What are the prime factors of 247058?
2, 7, 2521
List the prime factors of 24402960.
2, 3, 5, 33893
What are the prime factors of 442345?
5, 88469
List the prime factors of 12708.
2, 3, 353
List the prime factors of 1036389.
3, 345463
What are the prime factors of 2680526?
2, 17, 78839
List the prime factors of 1720091.
67, 25673
What are the prime factors of 717688?
2, 283, 317
What are the prime factors of 458523?
3, 13, 3919
What are the prime factors of 2750460?
2, 3, 5, 45841
List the prime factors of 2511881.
2511881
List the prime factors of 19230209.
3271, 5879
List the prime factors of 28240.
2, 5, 353
List the prime factors of 362527.
11, 32957
List the prime factors of 4056334.
2, 79, 25673
List the prime factors of 583277.
29, 20113
List the prime factors of 6256119.
3, 17, 241, 509
What are the prime factors of 4696803?
3, 101, 5167
List the prime factors of 245877.
3, 41, 1999
List the prime factors of 13407047.
13407047
List the prime factors of 1119971.
491, 2281
What are the prime factors of 5558618?
2, 13, 439, 487
What are the prime factors of 177788?
2, 13, 263
What are the prime factors of 623451?
3, 71, 2927
List the prime factors of 1137178.
2, 7, 43, 1889
What are the prime factors of 180853?
223, 811
List the prime factors of 19545659.
7, 239, 1669
List the prime factors of 3759391.
1327, 2833
List the prime factors of 722447.
11, 65677
List the prime factors of 2242124.
2, 560531
What are the prime factors of 1191283?
1191283
List the prime factors of 1123784.
2, 140473
List the prime factors of 561342.
2, 3, 93557
List the prime factors of 798565.
5, 59, 2707
What are the prime factors of 2227591?
2227591
List the prime factors of 25610712.
2, 3, 29, 31, 1187
List the prime factors of 6777589.
7, 13, 71, 1049
List the prime factors of 2427820.
2, 5, 19, 6389
What are the prime factors of 216897?
3, 197, 367
What are the prime factors of 12126230?
2, 5, 373, 3251
What are the prime factors of 443179?
11, 40289
What are the prime factors of 5416486?
2, 2708243
What are the prime factors of 119075?
5, 11, 433
List the prime factors of 447549.
3, 149183
What are the prime factors of 900004?
2, 7, 32143
What are the prime factors of 191359?
7, 27337
What are the prime factors of 12728342?
2, 11, 17, 34033
What are the prime factors of 324598?
2, 17, 9547
What are the prime factors of 4262877?
3, 311, 1523
List the prime factors of 6846259.
7, 978037
List the prime factors of 7576054.
2, 149, 25423
List the prime factors of 81109.
7, 11587
List the prime factors of 112997.
112997
List the prime factors of 13449611.
7, 37, 51929
What are the prime factors of 318868?
2, 11, 7247
What are the prime factors of 2219481?
3, 11, 47, 53
List the prime factors of 777276.
2, 3, 2399
What are the prime factors of 1720817?
7, 43, 5717
List the prime factors of 224184.
2, 3, 9341
List the prime factors of 366913.
163, 2251
What are the prime factors of 773951?
773951
List the prime factors of 25790649.
3, 17, 151, 197
List the prime factors of 692428.
2, 11, 15737
List the prime factors of 480133.
480133
What are the prime factors of 15073978?
2, 41, 183829
List the prime factors of 8668976.
2, 23, 23557
What are the prime factors of 592335?
3, 5, 13163
List the prime factors of 269419.
269419
List the prime factors of 4150835.
5, 13, 19, 3361
What are the prime factors of 618763?
97, 6379
What are the prime factors of 588882?
2, 3, 7, 2003
List the prime factors of 353719.
17, 20807
What are the prime factors of 4206971?
4206971
What are the prime factors of 1276648?
2, 19, 37, 227
What are the prime factors of 2419397?
53, 191, 239
List the prime factors of 3108060.
2, 3, 5, 31, 557
What are the prime factors of 1717172?
2, 151, 2843
List the prime factors of 3798634.
2, 7, 23, 47, 251
What are the prime factors of 293976?
2, 3, 1361
What are the prime factors of 236227?
19, 12433
List the prime factors of 1076628.
2, 3, 7, 1831
List the prime factors of 331256.
2, 47, 881
What are the prime factors of 213460?
2, 5, 13, 821
List the prime factors of 181479.
3, 60493
List the prime factors of 689951.
689951
List the prime factors of 2594444.
2, 491, 1321
List the prime factors of 418241.
41, 101
What are the prime factors of 2705558?
2, 1352779
What are the prime factors of 317588?
2, 79397
What are the prime factors of 4417989?
3, 1472663
List the prime factors of 392559.
3, 19, 71, 97
What are the prime factors of 7524905?
5, 1504981
What are the prime factors of 4102162?
2, 73, 28097
What are the prime factors of 399981?
3, 133327
List the prime factors of 22160700.
2, 3, 5, 24623
List the prime factors of 5517649.
5517649
What are the prime factors of 197657?
19, 101, 103
What are the prime factors of 5341508?
2, 19, 67, 1049
What are the prime factors of 46405?
5, 9281
List the prime factors of 16031328.
2, 3, 41, 4073
What are the prime factors of 1268784?
2, 3, 11, 89
What are the prime factors of 333081?
3, 7, 17, 311
What are the prime factors of 193951?
193951
What are the prime factors of 195582?
2, 3, 37, 881
What are the prime factors of 4288561?
101, 42461
List the prime factors of 715099.
7, 11, 37, 251
What are the prime factors of 3212459?
691, 4649
List the prime factors of 4137529.
11, 227, 1657
List the prime factors of 2085564.
2, 3, 13, 29, 461
What are the prime factors of 2094511?
173, 12107
What are the prime factors of 8113?
7, 19, 61
What are the prime factors of 7931528?
2, 11, 193, 467
List the prime factors of 1188604.
2, 297151
List the prime factors of 25378995.
3, 5, 1691933
What are the prime factors of 1080537?
3, 17, 21187
What are the prime factors of 1219215?
3, 5, 81281
List the prime factors of 172576.
2, 5393
List the prime factors of 2111349.
3, 17, 41399
What are the prime factors of 3211979?
3211979
What are the prime factors of 9145259?
9145259
List the prime factors of 4377912.
2, 3, 7, 11, 23, 103
List the prime factors of 200165.
5, 7, 19, 43
What are the prime factors of 75708?
2, 3, 701
What are the prime factors of 458625?
3, 5, 1223
List the prime factors of 321733.
321733
List the prime factors of 2522777.
61, 41357
What are the prime factors of 31904697?
3, 11, 137, 7057
List the prime factors of 3428994.
2, 3, 41, 53, 263
List the prime factors of 8053225.
5, 131, 2459
List the prime factors of 2768343.
3, 922781
What are the prime fac